{"id":870,"date":"2013-06-29T15:19:32","date_gmt":"2013-06-29T21:19:32","guid":{"rendered":"http:\/\/www.kidsoncomputers.org\/?page_id=870"},"modified":"2015-01-07T17:38:59","modified_gmt":"2015-01-07T17:38:59","slug":"gittes-family-lab","status":"publish","type":"page","link":"http:\/\/test.kidsoncomputers.org\/?page_id=870","title":{"rendered":"Gittes Family Lab at Escuela Manuel Gonzalez Gatica"},"content":{"rendered":"<p style=\"text-align: right;\"><a href=\"http:\/\/www.kidsoncomputers.org\/wp-content\/uploads\/2013\/06\/Huajuapan-130.jpg\"><img loading=\"lazy\" decoding=\"async\" class=\"alignright size-medium wp-image-885\" src=\"http:\/\/www.kidsoncomputers.org\/wp-content\/uploads\/2013\/06\/Huajuapan-130-300x199.jpg\" alt=\"Municipal Building in Saucitlan\" width=\"252\" height=\"167\" \/><\/a><\/p>\n<p style=\"text-align: right;\">Saucitl\u00e1n de Morelos is a community of about 500 people located in a valley about 12 km southwest of Huajuapan de Le\u00f3n, Oaxaca, Mexico.<\/p>\n<p>&nbsp;<\/p>\n<p style=\"text-align: left;\"><a href=\"http:\/\/www.kidsoncomputers.org\/wp-content\/uploads\/2013\/06\/KOC-242.jpg\"><img loading=\"lazy\" decoding=\"async\" class=\"alignleft size-medium wp-image-886\" src=\"http:\/\/www.kidsoncomputers.org\/wp-content\/uploads\/2013\/06\/KOC-242-300x199.jpg\" alt=\"This is the road to Saucitlan\" width=\"239\" height=\"158\" \/><\/a><\/p>\n<p>&nbsp;<\/p>\n<p>&nbsp;<\/p>\n<p>The final road to Saucitl\u00e1n is unpaved and steep in many places. We&#8217;ve had fun traveling there on the back of pickup trucks and have encountered burros, goats, chickens and other farm life!<\/p>\n<p><a href=\"http:\/\/www.kidsoncomputers.org\/wp-content\/uploads\/2013\/06\/Huajuapan-129.jpg\"><img loading=\"lazy\" decoding=\"async\" class=\"alignright size-medium wp-image-884\" src=\"http:\/\/www.kidsoncomputers.org\/wp-content\/uploads\/2013\/06\/Huajuapan-129-300x199.jpg\" alt=\"Elementary school in Saucitlan de Morelos\" width=\"279\" height=\"185\" \/><\/a><\/p>\n<p>&nbsp;<\/p>\n<p>In 2011, the primary school in Saucitlan, Escuela Manuel Gonzalez Gatica, received fifteen computers donated by a bank. \u00a0We initially set up the computer lab in May 2011 with five Kids on Computers volunteers who traveled to Huajuapan de Le\u00f3n along with local volunteers. When we got there, we discovered that the computers the school had received didn&#8217;t have hard drives! After discussing at length, we opted to use <a title=\"LTSP\" href=\"http:\/\/www.ltsp.org\" target=\"_blank\">LTSP<\/a>.\u00a0We took four computers with hard drives and used them as servers with the computers without hard drives as clients and completed installation and configuration.<\/p>\n<p style=\"text-align: left;\"><a href=\"http:\/\/www.kidsoncomputers.org\/wp-content\/uploads\/2013\/06\/KOC-1090.jpg\"><img loading=\"lazy\" decoding=\"async\" class=\"size-medium wp-image-888 alignleft\" style=\"margin-left: 5px; margin-right: 5px;\" src=\"http:\/\/www.kidsoncomputers.org\/wp-content\/uploads\/2013\/06\/KOC-1090-300x199.jpg\" alt=\"KOC-1090\" width=\"184\" height=\"123\" \/><\/a><\/p>\n<p style=\"text-align: left;\">To maintain this type of setup requires having strong local technical support. Additionally, many of these computers were over 10 years old. When we came back during our <a title=\"KOC 2014 Mexico Trip\" href=\"http:\/\/www.kidsoncomputers.org\/our-2014-mexico-trip\">2014 KOC Mexico trip<\/a>, the lab was non-functional. We realized that an LTSP setup in a remote region with little technical support would not work.<\/p>\n<p style=\"text-align: left;\">We used funds we received from our <a title=\"2013 End of Year Campaign\" href=\"http:\/\/www.kidsoncomputers.org\/end-of-year-campaign\">2013 Fundraising drive<\/a> to purchase five new computers, one projector, and five headphones for this lab. We used <a href=\"http:\/\/www.kidsoncomputers.org\/wp-content\/uploads\/2014\/06\/DSC014451.jpg\"><img loading=\"lazy\" decoding=\"async\" class=\"size-medium wp-image-1353 alignright\" src=\"http:\/\/www.kidsoncomputers.org\/wp-content\/uploads\/2014\/06\/DSC014451-300x200.jpg\" alt=\"DSC01445\" width=\"197\" height=\"131\" \/><\/a>the four computers which had hard drives and made them stand alone desktops. We were also able to bring in 4 additional used computers along with two Mac Minis to make for a total of fifteen working computers. All of the computers were installed with Lubuntu 14.04, Libre Office, Tux Suite, GCompris Suite, and many other applications. The Mac Minis and one new computer were also installed with the RACHEL content server which includes offline Wikipedia, Khan Academy videos, MedLine content, and more. All of the computers could access this content via a local network we set up. We decided to put 12 of the computers in the school and use 3 in the library so that kids and parents could benefit from the computers outside of school time. The computers without hard drives were decommissioned.<\/p>\n<p><a href=\"http:\/\/www.kidsoncomputers.org\/wp-content\/uploads\/2014\/06\/DSC01477.jpg\"><img loading=\"lazy\" decoding=\"async\" class=\"size-medium wp-image-1346 alignnone\" style=\"margin-left: 5px; margin-right: 5px;\" src=\"http:\/\/www.kidsoncomputers.org\/wp-content\/uploads\/2014\/06\/DSC01477-300x200.jpg\" alt=\"DSC01477\" width=\"201\" height=\"132\" \/><\/a><a href=\"http:\/\/www.kidsoncomputers.org\/wp-content\/uploads\/2014\/06\/DSC01447.jpg\"><img loading=\"lazy\" decoding=\"async\" class=\"size-medium wp-image-1336 alignnone\" style=\"margin-left: 5px; margin-right: 5px;\" src=\"http:\/\/www.kidsoncomputers.org\/wp-content\/uploads\/2014\/06\/DSC01447-300x200.jpg\" alt=\"DSC01447\" width=\"199\" height=\"132\" \/><\/a><a href=\"http:\/\/www.kidsoncomputers.org\/wp-content\/uploads\/2014\/06\/DSC01456.jpg\"><img loading=\"lazy\" decoding=\"async\" class=\"size-medium wp-image-1340 alignnone\" style=\"margin-left: 5px; margin-right: 5px;\" src=\"http:\/\/www.kidsoncomputers.org\/wp-content\/uploads\/2014\/06\/DSC01456-300x200.jpg\" alt=\"DSC01456\" width=\"200\" height=\"132\" \/><\/a><a href=\"http:\/\/www.kidsoncomputers.org\/wp-content\/uploads\/2014\/06\/DSC01487.jpg\"><img loading=\"lazy\" decoding=\"async\" class=\"size-medium wp-image-1385 alignnone\" style=\"margin-left: 5px; margin-right: 5px;\" src=\"http:\/\/www.kidsoncomputers.org\/wp-content\/uploads\/2014\/06\/DSC01487-300x200.jpg\" alt=\"DSC01487\" width=\"188\" height=\"125\" \/><\/a><\/p>\n<p><a href=\"http:\/\/www.kidsoncomputers.org\/wp-content\/uploads\/2014\/06\/DSC01453.jpg\"><img loading=\"lazy\" decoding=\"async\" class=\"size-medium wp-image-1339 alignleft\" style=\"margin-left: 5px; margin-right: 5px;\" src=\"http:\/\/www.kidsoncomputers.org\/wp-content\/uploads\/2014\/06\/DSC01453-300x200.jpg\" alt=\"DSC01453\" width=\"227\" height=\"149\" \/><\/a>We taught one class to mothers who came to visit the school (and give us lunch!). They loved playing Tux Type and Paint and trying out Libre Office. We had one teacher who spent two hours watching Khan Academy videos and reading Wikipedia articles. The kids enjoyed playing Tux Math and any game they found on the computer. \u00a0The principal, Saul, and the whole community are so thankful for the new lab and excited to have a working lab which is easy to maintain.<\/p>\n<p><a href=\"http:\/\/www.kidsoncomputers.org\/wp-content\/uploads\/2014\/06\/DSC01495.jpg\"><img loading=\"lazy\" decoding=\"async\" class=\"alignright\" src=\"http:\/\/www.kidsoncomputers.org\/wp-content\/uploads\/2014\/06\/DSC01495-300x200.jpg\" alt=\"DSC01495\" width=\"269\" height=\"179\" \/><\/a><\/p>\n<p style=\"text-align: left;\">This lab was made possible by a donation from <a title=\"Philip Greenspun\" href=\"http:\/\/philip.greenspun.com\/\" target=\"_blank\">Philip Greenspun, PhD<\/a>\u00a0in honor of his grandfather, Daniel &#8220;Nick&#8221; Gittes of Melrose, Massachusetts, 1902-2000.<\/p>\n<p>&nbsp;<\/p>\n","protected":false},"excerpt":{"rendered":"<p>Saucitl\u00e1n de Morelos is a community of about 500 people located in a valley about 12 km southwest of Huajuapan de Le\u00f3n, Oaxaca, Mexico. &nbsp; &nbsp; &nbsp; The final road to Saucitl\u00e1n is unpaved and steep in many places. We&#8217;ve had fun traveling there on the back of pickup trucks and have encountered burros, goats,&#8230;<\/p>\n","protected":false},"author":1,"featured_media":0,"parent":813,"menu_order":0,"comment_status":"open","ping_status":"open","template":"","meta":{"footnotes":""},"class_list":["post-870","page","type-page","status-publish","hentry"],"_links":{"self":[{"href":"http:\/\/test.kidsoncomputers.org\/index.php?rest_route=\/wp\/v2\/pages\/870","targetHints":{"allow":["GET"]}}],"collection":[{"href":"http:\/\/test.kidsoncomputers.org\/index.php?rest_route=\/wp\/v2\/pages"}],"about":[{"href":"http:\/\/test.kidsoncomputers.org\/index.php?rest_route=\/wp\/v2\/types\/page"}],"author":[{"embeddable":true,"href":"http:\/\/test.kidsoncomputers.org\/index.php?rest_route=\/wp\/v2\/users\/1"}],"replies":[{"embeddable":true,"href":"http:\/\/test.kidsoncomputers.org\/index.php?rest_route=%2Fwp%2Fv2%2Fcomments&post=870"}],"version-history":[{"count":1,"href":"http:\/\/test.kidsoncomputers.org\/index.php?rest_route=\/wp\/v2\/pages\/870\/revisions"}],"predecessor-version":[{"id":1740,"href":"http:\/\/test.kidsoncomputers.org\/index.php?rest_route=\/wp\/v2\/pages\/870\/revisions\/1740"}],"up":[{"embeddable":true,"href":"http:\/\/test.kidsoncomputers.org\/index.php?rest_route=\/wp\/v2\/pages\/813"}],"wp:attachment":[{"href":"http:\/\/test.kidsoncomputers.org\/index.php?rest_route=%2Fwp%2Fv2%2Fmedia&parent=870"}],"curies":[{"name":"wp","href":"https:\/\/api.w.org\/{rel}","templated":true}]}}